{"id":405,"date":"2018-12-15T23:51:11","date_gmt":"2018-12-15T22:51:11","guid":{"rendered":"http:\/\/japan-in-baden-wuerttemberg.de\/djg2018\/?page_id=405"},"modified":"2018-12-15T23:51:11","modified_gmt":"2018-12-15T22:51:11","slug":"reisevorbereitungen","status":"publish","type":"page","link":"https:\/\/japan-in-baden-wuerttemberg.de\/djg2018\/kontakte\/reisen\/reisevorbereitungen\/","title":{"rendered":"Reisevorbereitungen"},"content":{"rendered":"<p><strong>Deutsch-Japanische Jugendgesellschaft e.V. (<a href=\"http:\/\/www.djjg.org\" target=\"_blank\" rel=\"noopener\">www.djjg.org<\/a>)<\/strong><\/p>\n<p>Liste der Reiseb\u00fcros f\u00fcr Japan-Reisen und sonstige Informationen bei:<\/p>\n<p><strong><a href=\"http:\/\/www.jnto.de\/\" target=\"_blank\" rel=\"noopener\">Japanische Fremdenverkehrszentrale \u2013 Japan National Tourist\u00a0\u00a0 Organisation<\/a><\/strong><\/p>\n<ul>\n<li><strong>TAKENOKO-Fonds f\u00fcr den deutsch-japanischen Sch\u00fcleraustausch:<\/strong>\u00a0\u00a0<a href=\"http:\/\/www.jdzb.de\/\">www.jdzb.de<\/a><\/li>\n<li><a href=\"http:\/\/thejapanfaq.cjb.net\/\" target=\"_blank\" rel=\"noopener\">THE JAPAN FAQ: KNOW BEFORE YOU GO<\/a><\/li>\n<li><strong>AYUSA<\/strong>\u00a0&#8211; Cultural Exchange ( Sch\u00fcleraustausch, Au Pair, Sprachreisen, Praktikum, Work&amp;TRavel, Freiwilligen-Arbeit )\u00a0<u><span style=\"color: #0000ff;\">\u00a0http:\/\/www.ayusa.de<\/span><\/u><\/li>\n<\/ul>\n","protected":false},"excerpt":{"rendered":"<p>Deutsch-Japanische Jugendgesellschaft e.V. (www.djjg.org) Liste der Reiseb\u00fcros f\u00fcr Japan-Reisen und sonstige Informationen bei: Japanische Fremdenverkehrszentrale \u2013 Japan National Tourist\u00a0\u00a0 Organisation TAKENOKO-Fonds f\u00fcr den deutsch-japanischen Sch\u00fcleraustausch:\u00a0\u00a0www.jdzb.de THE JAPAN FAQ: KNOW BEFORE [&hellip;]<\/p>\n","protected":false},"author":1,"featured_media":0,"parent":243,"menu_order":0,"comment_status":"closed","ping_status":"closed","template":"page-template-fullwidth.php","meta":{"_et_pb_use_builder":"","_et_pb_old_content":"","_et_gb_content_width":"","footnotes":""},"class_list":["post-405","page","type-page","status-publish","hentry"],"yoast_head":"<!-- This site is optimized with the Yoast SEO plugin v27.5 - https:\/\/yoast.com\/product\/yoast-seo-wordpress\/ -->\n<title>Reisevorbereitungen - DJG BW | Deutsch-Japanische Gesellschaft Baden-W\u00fcrttemberg e.V.<\/title>\n<meta name=\"robots\" content=\"index, follow, max-snippet:-1, max-image-preview:large, max-video-preview:-1\" \/>\n<link rel=\"canonical\" href=\"https:\/\/japan-in-baden-wuerttemberg.de\/djg2018\/kontakte\/reisen\/reisevorbereitungen\/\" \/>\n<meta property=\"og:locale\" content=\"de_DE\" \/>\n<meta property=\"og:type\" content=\"article\" \/>\n<meta property=\"og:title\" content=\"Reisevorbereitungen - DJG BW | Deutsch-Japanische Gesellschaft Baden-W\u00fcrttemberg e.V.\" \/>\n<meta property=\"og:description\" content=\"Deutsch-Japanische Jugendgesellschaft e.V. (www.djjg.org) Liste der Reiseb\u00fcros f\u00fcr Japan-Reisen und sonstige Informationen bei: Japanische Fremdenverkehrszentrale \u2013 Japan National Tourist\u00a0\u00a0 Organisation TAKENOKO-Fonds f\u00fcr den deutsch-japanischen Sch\u00fcleraustausch:\u00a0\u00a0www.jdzb.de THE JAPAN FAQ: KNOW BEFORE [&hellip;]\" \/>\n<meta property=\"og:url\" content=\"https:\/\/japan-in-baden-wuerttemberg.de\/djg2018\/kontakte\/reisen\/reisevorbereitungen\/\" \/>\n<meta property=\"og:site_name\" content=\"DJG BW | Deutsch-Japanische Gesellschaft Baden-W\u00fcrttemberg e.V.\" \/>\n<meta name=\"twitter:card\" content=\"summary_large_image\" \/>\n<script type=\"application\/ld+json\" class=\"yoast-schema-graph\">{\"@context\":\"https:\\\/\\\/schema.org\",\"@graph\":[{\"@type\":\"WebPage\",\"@id\":\"https:\\\/\\\/japan-in-baden-wuerttemberg.de\\\/djg2018\\\/kontakte\\\/reisen\\\/reisevorbereitungen\\\/\",\"url\":\"https:\\\/\\\/japan-in-baden-wuerttemberg.de\\\/djg2018\\\/kontakte\\\/reisen\\\/reisevorbereitungen\\\/\",\"name\":\"Reisevorbereitungen - DJG BW | Deutsch-Japanische Gesellschaft Baden-W\u00fcrttemberg e.V.\",\"isPartOf\":{\"@id\":\"https:\\\/\\\/japan-in-baden-wuerttemberg.de\\\/djg2018\\\/#website\"},\"datePublished\":\"2018-12-15T22:51:11+00:00\",\"breadcrumb\":{\"@id\":\"https:\\\/\\\/japan-in-baden-wuerttemberg.de\\\/djg2018\\\/kontakte\\\/reisen\\\/reisevorbereitungen\\\/#breadcrumb\"},\"inLanguage\":\"de\",\"potentialAction\":[{\"@type\":\"ReadAction\",\"target\":[\"https:\\\/\\\/japan-in-baden-wuerttemberg.de\\\/djg2018\\\/kontakte\\\/reisen\\\/reisevorbereitungen\\\/\"]}]},{\"@type\":\"BreadcrumbList\",\"@id\":\"https:\\\/\\\/japan-in-baden-wuerttemberg.de\\\/djg2018\\\/kontakte\\\/reisen\\\/reisevorbereitungen\\\/#breadcrumb\",\"itemListElement\":[{\"@type\":\"ListItem\",\"position\":1,\"name\":\"Startseite\",\"item\":\"https:\\\/\\\/japan-in-baden-wuerttemberg.de\\\/djg2018\\\/\"},{\"@type\":\"ListItem\",\"position\":2,\"name\":\"Kontakte &#038; Ansprechpartner\",\"item\":\"https:\\\/\\\/japan-in-baden-wuerttemberg.de\\\/djg2018\\\/kontakte\\\/\"},{\"@type\":\"ListItem\",\"position\":3,\"name\":\"Reisen\",\"item\":\"https:\\\/\\\/japan-in-baden-wuerttemberg.de\\\/djg2018\\\/kontakte\\\/reisen\\\/\"},{\"@type\":\"ListItem\",\"position\":4,\"name\":\"Reisevorbereitungen\"}]},{\"@type\":\"WebSite\",\"@id\":\"https:\\\/\\\/japan-in-baden-wuerttemberg.de\\\/djg2018\\\/#website\",\"url\":\"https:\\\/\\\/japan-in-baden-wuerttemberg.de\\\/djg2018\\\/\",\"name\":\"DJG BW | Deutsch-Japanische Gesellschaft Baden-W\u00fcrttemberg e.V.\",\"description\":\"\",\"publisher\":{\"@id\":\"https:\\\/\\\/japan-in-baden-wuerttemberg.de\\\/djg2018\\\/#organization\"},\"potentialAction\":[{\"@type\":\"SearchAction\",\"target\":{\"@type\":\"EntryPoint\",\"urlTemplate\":\"https:\\\/\\\/japan-in-baden-wuerttemberg.de\\\/djg2018\\\/?s={search_term_string}\"},\"query-input\":{\"@type\":\"PropertyValueSpecification\",\"valueRequired\":true,\"valueName\":\"search_term_string\"}}],\"inLanguage\":\"de\"},{\"@type\":\"Organization\",\"@id\":\"https:\\\/\\\/japan-in-baden-wuerttemberg.de\\\/djg2018\\\/#organization\",\"name\":\"Deutsch-Japanische Gesellschaft Baden-W\u00fcrttemberg e.V.\",\"url\":\"https:\\\/\\\/japan-in-baden-wuerttemberg.de\\\/djg2018\\\/\",\"logo\":{\"@type\":\"ImageObject\",\"inLanguage\":\"de\",\"@id\":\"https:\\\/\\\/japan-in-baden-wuerttemberg.de\\\/djg2018\\\/#\\\/schema\\\/logo\\\/image\\\/\",\"url\":\"https:\\\/\\\/japan-in-baden-wuerttemberg.de\\\/djg2018\\\/wp-content\\\/uploads\\\/2018\\\/12\\\/djg_bw_logo2.jpg\",\"contentUrl\":\"https:\\\/\\\/japan-in-baden-wuerttemberg.de\\\/djg2018\\\/wp-content\\\/uploads\\\/2018\\\/12\\\/djg_bw_logo2.jpg\",\"width\":708,\"height\":200,\"caption\":\"Deutsch-Japanische Gesellschaft Baden-W\u00fcrttemberg e.V.\"},\"image\":{\"@id\":\"https:\\\/\\\/japan-in-baden-wuerttemberg.de\\\/djg2018\\\/#\\\/schema\\\/logo\\\/image\\\/\"}}]}<\/script>\n<!-- \/ Yoast SEO plugin. -->","yoast_head_json":{"title":"Reisevorbereitungen - DJG BW | Deutsch-Japanische Gesellschaft Baden-W\u00fcrttemberg e.V.","robots":{"index":"index","follow":"follow","max-snippet":"max-snippet:-1","max-image-preview":"max-image-preview:large","max-video-preview":"max-video-preview:-1"},"canonical":"https:\/\/japan-in-baden-wuerttemberg.de\/djg2018\/kontakte\/reisen\/reisevorbereitungen\/","og_locale":"de_DE","og_type":"article","og_title":"Reisevorbereitungen - DJG BW | Deutsch-Japanische Gesellschaft Baden-W\u00fcrttemberg e.V.","og_description":"Deutsch-Japanische Jugendgesellschaft e.V. (www.djjg.org) Liste der Reiseb\u00fcros f\u00fcr Japan-Reisen und sonstige Informationen bei: Japanische Fremdenverkehrszentrale \u2013 Japan National Tourist\u00a0\u00a0 Organisation TAKENOKO-Fonds f\u00fcr den deutsch-japanischen Sch\u00fcleraustausch:\u00a0\u00a0www.jdzb.de THE JAPAN FAQ: KNOW BEFORE [&hellip;]","og_url":"https:\/\/japan-in-baden-wuerttemberg.de\/djg2018\/kontakte\/reisen\/reisevorbereitungen\/","og_site_name":"DJG BW | Deutsch-Japanische Gesellschaft Baden-W\u00fcrttemberg e.V.","twitter_card":"summary_large_image","schema":{"@context":"https:\/\/schema.org","@graph":[{"@type":"WebPage","@id":"https:\/\/japan-in-baden-wuerttemberg.de\/djg2018\/kontakte\/reisen\/reisevorbereitungen\/","url":"https:\/\/japan-in-baden-wuerttemberg.de\/djg2018\/kontakte\/reisen\/reisevorbereitungen\/","name":"Reisevorbereitungen - DJG BW | Deutsch-Japanische Gesellschaft Baden-W\u00fcrttemberg e.V.","isPartOf":{"@id":"https:\/\/japan-in-baden-wuerttemberg.de\/djg2018\/#website"},"datePublished":"2018-12-15T22:51:11+00:00","breadcrumb":{"@id":"https:\/\/japan-in-baden-wuerttemberg.de\/djg2018\/kontakte\/reisen\/reisevorbereitungen\/#breadcrumb"},"inLanguage":"de","potentialAction":[{"@type":"ReadAction","target":["https:\/\/japan-in-baden-wuerttemberg.de\/djg2018\/kontakte\/reisen\/reisevorbereitungen\/"]}]},{"@type":"BreadcrumbList","@id":"https:\/\/japan-in-baden-wuerttemberg.de\/djg2018\/kontakte\/reisen\/reisevorbereitungen\/#breadcrumb","itemListElement":[{"@type":"ListItem","position":1,"name":"Startseite","item":"https:\/\/japan-in-baden-wuerttemberg.de\/djg2018\/"},{"@type":"ListItem","position":2,"name":"Kontakte &#038; Ansprechpartner","item":"https:\/\/japan-in-baden-wuerttemberg.de\/djg2018\/kontakte\/"},{"@type":"ListItem","position":3,"name":"Reisen","item":"https:\/\/japan-in-baden-wuerttemberg.de\/djg2018\/kontakte\/reisen\/"},{"@type":"ListItem","position":4,"name":"Reisevorbereitungen"}]},{"@type":"WebSite","@id":"https:\/\/japan-in-baden-wuerttemberg.de\/djg2018\/#website","url":"https:\/\/japan-in-baden-wuerttemberg.de\/djg2018\/","name":"DJG BW | Deutsch-Japanische Gesellschaft Baden-W\u00fcrttemberg e.V.","description":"","publisher":{"@id":"https:\/\/japan-in-baden-wuerttemberg.de\/djg2018\/#organization"},"potentialAction":[{"@type":"SearchAction","target":{"@type":"EntryPoint","urlTemplate":"https:\/\/japan-in-baden-wuerttemberg.de\/djg2018\/?s={search_term_string}"},"query-input":{"@type":"PropertyValueSpecification","valueRequired":true,"valueName":"search_term_string"}}],"inLanguage":"de"},{"@type":"Organization","@id":"https:\/\/japan-in-baden-wuerttemberg.de\/djg2018\/#organization","name":"Deutsch-Japanische Gesellschaft Baden-W\u00fcrttemberg e.V.","url":"https:\/\/japan-in-baden-wuerttemberg.de\/djg2018\/","logo":{"@type":"ImageObject","inLanguage":"de","@id":"https:\/\/japan-in-baden-wuerttemberg.de\/djg2018\/#\/schema\/logo\/image\/","url":"https:\/\/japan-in-baden-wuerttemberg.de\/djg2018\/wp-content\/uploads\/2018\/12\/djg_bw_logo2.jpg","contentUrl":"https:\/\/japan-in-baden-wuerttemberg.de\/djg2018\/wp-content\/uploads\/2018\/12\/djg_bw_logo2.jpg","width":708,"height":200,"caption":"Deutsch-Japanische Gesellschaft Baden-W\u00fcrttemberg e.V."},"image":{"@id":"https:\/\/japan-in-baden-wuerttemberg.de\/djg2018\/#\/schema\/logo\/image\/"}}]}},"_links":{"self":[{"href":"https:\/\/japan-in-baden-wuerttemberg.de\/djg2018\/wp-json\/wp\/v2\/pages\/405","targetHints":{"allow":["GET"]}}],"collection":[{"href":"https:\/\/japan-in-baden-wuerttemberg.de\/djg2018\/wp-json\/wp\/v2\/pages"}],"about":[{"href":"https:\/\/japan-in-baden-wuerttemberg.de\/djg2018\/wp-json\/wp\/v2\/types\/page"}],"author":[{"embeddable":true,"href":"https:\/\/japan-in-baden-wuerttemberg.de\/djg2018\/wp-json\/wp\/v2\/users\/1"}],"replies":[{"embeddable":true,"href":"https:\/\/japan-in-baden-wuerttemberg.de\/djg2018\/wp-json\/wp\/v2\/comments?post=405"}],"version-history":[{"count":0,"href":"https:\/\/japan-in-baden-wuerttemberg.de\/djg2018\/wp-json\/wp\/v2\/pages\/405\/revisions"}],"up":[{"embeddable":true,"href":"https:\/\/japan-in-baden-wuerttemberg.de\/djg2018\/wp-json\/wp\/v2\/pages\/243"}],"wp:attachment":[{"href":"https:\/\/japan-in-baden-wuerttemberg.de\/djg2018\/wp-json\/wp\/v2\/media?parent=405"}],"curies":[{"name":"wp","href":"https:\/\/api.w.org\/{rel}","templated":true}]}}

<p><strong>Deutsch-Japanische Jugendgesellschaft e.V. (<a href="http://www.djjg.org" target="_blank" rel="noopener">www.djjg.org</a>)</strong></p>
<p>Liste der Reisebüros für Japan-Reisen und sonstige Informationen bei:</p>
<p><strong><a href="http://www.jnto.de/" target="_blank" rel="noopener">Japanische Fremdenverkehrszentrale – Japan National Tourist   Organisation</a></strong></p>
<ul>
<li><strong>TAKENOKO-Fonds für den deutsch-japanischen Schüleraustausch:</strong>  <a href="http://www.jdzb.de/">www.jdzb.de</a></li>
<li><a href="http://thejapanfaq.cjb.net/" target="_blank" rel="noopener">THE JAPAN FAQ: KNOW BEFORE YOU GO</a></li>
<li><strong>AYUSA</strong> &#8211; Cultural Exchange ( Schüleraustausch, Au Pair, Sprachreisen, Praktikum, Work&amp;TRavel, Freiwilligen-Arbeit ) <u><span style="color: #0000ff;"> http://www.ayusa.de</span></u></li>
</ul>

<p>Deutsch-Japanische Jugendgesellschaft e.V. (www.djjg.org) Liste der Reisebüros für Japan-Reisen und sonstige Informationen bei: Japanische Fremdenverkehrszentrale – Japan National Tourist   Organisation TAKENOKO-Fonds für den deutsch-japanischen Schüleraustausch:  www.jdzb.de THE JAPAN FAQ: KNOW BEFORE [&hellip;]</p>

<!-- This site is optimized with the Yoast SEO plugin v27.5 - https://yoast.com/product/yoast-seo-wordpress/ -->
<title>Reisevorbereitungen - DJG BW | Deutsch-Japanische Gesellschaft Baden-Württemberg e.V.</title>
<meta name="robots" content="index, follow, max-snippet:-1, max-image-preview:large, max-video-preview:-1" />
<link rel="canonical" href="https://japan-in-baden-wuerttemberg.de/djg2018/kontakte/reisen/reisevorbereitungen/" />
<meta property="og:locale" content="de_DE" />
<meta property="og:type" content="article" />
<meta property="og:title" content="Reisevorbereitungen - DJG BW | Deutsch-Japanische Gesellschaft Baden-Württemberg e.V." />
<meta property="og:description" content="Deutsch-Japanische Jugendgesellschaft e.V. (www.djjg.org) Liste der Reisebüros für Japan-Reisen und sonstige Informationen bei: Japanische Fremdenverkehrszentrale – Japan National Tourist   Organisation TAKENOKO-Fonds für den deutsch-japanischen Schüleraustausch:  www.jdzb.de THE JAPAN FAQ: KNOW BEFORE [&hellip;]" />
<meta property="og:url" content="https://japan-in-baden-wuerttemberg.de/djg2018/kontakte/reisen/reisevorbereitungen/" />
<meta property="og:site_name" content="DJG BW | Deutsch-Japanische Gesellschaft Baden-Württemberg e.V." />
<meta name="twitter:card" content="summary_large_image" />
<script type="application/ld+json" class="yoast-schema-graph">{"@context":"https:\/\/schema.org","@graph":[{"@type":"WebPage","@id":"https:\/\/japan-in-baden-wuerttemberg.de\/djg2018\/kontakte\/reisen\/reisevorbereitungen\/","url":"https:\/\/japan-in-baden-wuerttemberg.de\/djg2018\/kontakte\/reisen\/reisevorbereitungen\/","name":"Reisevorbereitungen - DJG BW | Deutsch-Japanische Gesellschaft Baden-Württemberg e.V.","isPartOf":{"@id":"https:\/\/japan-in-baden-wuerttemberg.de\/djg2018\/#website"},"datePublished":"2018-12-15T22:51:11+00:00","breadcrumb":{"@id":"https:\/\/japan-in-baden-wuerttemberg.de\/djg2018\/kontakte\/reisen\/reisevorbereitungen\/#breadcrumb"},"inLanguage":"de","potentialAction":[{"@type":"ReadAction","target":["https:\/\/japan-in-baden-wuerttemberg.de\/djg2018\/kontakte\/reisen\/reisevorbereitungen\/"]}]},{"@type":"BreadcrumbList","@id":"https:\/\/japan-in-baden-wuerttemberg.de\/djg2018\/kontakte\/reisen\/reisevorbereitungen\/#breadcrumb","itemListElement":[{"@type":"ListItem","position":1,"name":"Startseite","item":"https:\/\/japan-in-baden-wuerttemberg.de\/djg2018\/"},{"@type":"ListItem","position":2,"name":"Kontakte &#038; Ansprechpartner","item":"https:\/\/japan-in-baden-wuerttemberg.de\/djg2018\/kontakte\/"},{"@type":"ListItem","position":3,"name":"Reisen","item":"https:\/\/japan-in-baden-wuerttemberg.de\/djg2018\/kontakte\/reisen\/"},{"@type":"ListItem","position":4,"name":"Reisevorbereitungen"}]},{"@type":"WebSite","@id":"https:\/\/japan-in-baden-wuerttemberg.de\/djg2018\/#website","url":"https:\/\/japan-in-baden-wuerttemberg.de\/djg2018\/","name":"DJG BW | Deutsch-Japanische Gesellschaft Baden-Württemberg e.V.","description":"","publisher":{"@id":"https:\/\/japan-in-baden-wuerttemberg.de\/djg2018\/#organization"},"potentialAction":[{"@type":"SearchAction","target":{"@type":"EntryPoint","urlTemplate":"https:\/\/japan-in-baden-wuerttemberg.de\/djg2018\/?s={search_term_string}"},"query-input":{"@type":"PropertyValueSpecification","valueRequired":true,"valueName":"search_term_string"}}],"inLanguage":"de"},{"@type":"Organization","@id":"https:\/\/japan-in-baden-wuerttemberg.de\/djg2018\/#organization","name":"Deutsch-Japanische Gesellschaft Baden-Württemberg e.V.","url":"https:\/\/japan-in-baden-wuerttemberg.de\/djg2018\/","logo":{"@type":"ImageObject","inLanguage":"de","@id":"https:\/\/japan-in-baden-wuerttemberg.de\/djg2018\/#\/schema\/logo\/image\/","url":"https:\/\/japan-in-baden-wuerttemberg.de\/djg2018\/wp-content\/uploads\/2018\/12\/djg_bw_logo2.jpg","contentUrl":"https:\/\/japan-in-baden-wuerttemberg.de\/djg2018\/wp-content\/uploads\/2018\/12\/djg_bw_logo2.jpg","width":708,"height":200,"caption":"Deutsch-Japanische Gesellschaft Baden-Württemberg e.V."},"image":{"@id":"https:\/\/japan-in-baden-wuerttemberg.de\/djg2018\/#\/schema\/logo\/image\/"}}]}</script>
<!-- / Yoast SEO plugin. -->

Reisevorbereitungen - DJG BW | Deutsch-Japanische Gesellschaft Baden-Württemberg e.V.

Deutsch-Japanische Jugendgesellschaft e.V. (www.djjg.org) Liste der Reisebüros für Japan-Reisen und sonstige Informationen bei: Japanische Fremdenverkehrszentrale – Japan National Tourist   Organisation TAKENOKO-Fonds für den deutsch-japanischen Schüleraustausch:  www.jdzb.de THE JAPAN FAQ: KNOW BEFORE [&hellip;]

DJG BW | Deutsch-Japanische Gesellschaft Baden-Württemberg e.V.

Deutsch-Japanische Gesellschaft Baden-Württemberg e.V.
