{"id":383,"date":"2018-12-15T23:32:54","date_gmt":"2018-12-15T22:32:54","guid":{"rendered":"http:\/\/japan-in-baden-wuerttemberg.de\/djg2018\/?page_id=383"},"modified":"2018-12-15T23:32:54","modified_gmt":"2018-12-15T22:32:54","slug":"studium-in-japan","status":"publish","type":"page","link":"https:\/\/japan-in-baden-wuerttemberg.de\/djg2018\/kontakte\/kultur\/studium-in-japan\/","title":{"rendered":"Studium in Japan"},"content":{"rendered":"<p><strong>Japanese Society for the Promotion of Science<\/strong><br \/>\n\u201cDie JSPS ist eine Selbstverwaltungsk\u00f6rperschaft, die per Gesetzeserlass mit dem Ziel gegr\u00fcndet worden ist, zum Fortschritt in allen Bereichen der Natur-, Geistes- und Sozialwissenschaften beizutragen. In Japan \u00fcbernimmt die JSPS eine zentrale Rolle in der Verwaltung der weitreichenden wissenschaftlichen und akademischen Programme. Die F\u00f6rderprogramme werden entsprechend dem regierungspolitischen Rahmen zur F\u00f6rderung der Wissenschaften und in Anpassung an die Bed\u00fcrfnisse der Wissenschaftler durchgef\u00fchrt.\u201d<br \/>\n(Text: <a href=\"http:\/\/www.jsps-bonn.de\/\" target=\"_blank\" rel=\"noopener\">http:\/\/www.jsps-bonn.de\/<\/a>)<\/p>\n<p><strong>JSPS Hauptverwaltung<\/strong><br \/>\n6 Ichibancho, Chiyoda-ku,<br \/>\nTokyo 102-8471<br \/>\nTel.: +81-3-3263-1721<br \/>\nFax: +81-3-3263-1854<br \/>\n<a href=\"http:\/\/www.jsps-bonn.de\/\" target=\"_blank\" rel=\"noopener\">http:\/\/www.jsps.go.jp<\/a><br \/>\n<a href=\"http:\/\/www.jsps-bonn.de\/\" target=\"_blank\" rel=\"noopener\">http:\/\/www.jsps-bonn.de\/<\/a><\/p>\n<p><strong>JSPS Bonn Office<\/strong><br \/>\nJSPS Liaison Office Bonn,<br \/>\nPostfach 20 14 48<br \/>\n53144 Bonn<\/p>\n<p><strong><a href=\"http:\/\/www.daad.de\/\" target=\"_blank\" rel=\"noopener\">Deutscher Akademischer Austauschdienst DAAD<\/a><\/strong><\/p>\n<p><strong><a href=\"http:\/\/www.iaeste.de\/\" target=\"_blank\" rel=\"noopener\">International Association for the Exchange of Students for Technical Experience IAESTE<\/a><\/strong><br \/>\nVermittlung von Kurzpraktika f\u00fcr Studenten technischer Fachrichtungen.<\/p>\n","protected":false},"excerpt":{"rendered":"<p>Japanese Society for the Promotion of Science \u201cDie JSPS ist eine Selbstverwaltungsk\u00f6rperschaft, die per Gesetzeserlass mit dem Ziel gegr\u00fcndet worden ist, zum Fortschritt in allen Bereichen der Natur-, Geistes- und [&hellip;]<\/p>\n","protected":false},"author":1,"featured_media":0,"parent":238,"menu_order":0,"comment_status":"closed","ping_status":"closed","template":"page-template-fullwidth.php","meta":{"_et_pb_use_builder":"","_et_pb_old_content":"","_et_gb_content_width":"","footnotes":""},"class_list":["post-383","page","type-page","status-publish","hentry"],"yoast_head":"<!-- This site is optimized with the Yoast SEO plugin v27.5 - https:\/\/yoast.com\/product\/yoast-seo-wordpress\/ -->\n<title>Studium in Japan - DJG BW | Deutsch-Japanische Gesellschaft Baden-W\u00fcrttemberg e.V.<\/title>\n<meta name=\"robots\" content=\"index, follow, max-snippet:-1, max-image-preview:large, max-video-preview:-1\" \/>\n<link rel=\"canonical\" href=\"https:\/\/japan-in-baden-wuerttemberg.de\/djg2018\/kontakte\/kultur\/studium-in-japan\/\" \/>\n<meta property=\"og:locale\" content=\"de_DE\" \/>\n<meta property=\"og:type\" content=\"article\" \/>\n<meta property=\"og:title\" content=\"Studium in Japan - DJG BW | Deutsch-Japanische Gesellschaft Baden-W\u00fcrttemberg e.V.\" \/>\n<meta property=\"og:description\" content=\"Japanese Society for the Promotion of Science \u201cDie JSPS ist eine Selbstverwaltungsk\u00f6rperschaft, die per Gesetzeserlass mit dem Ziel gegr\u00fcndet worden ist, zum Fortschritt in allen Bereichen der Natur-, Geistes- und [&hellip;]\" \/>\n<meta property=\"og:url\" content=\"https:\/\/japan-in-baden-wuerttemberg.de\/djg2018\/kontakte\/kultur\/studium-in-japan\/\" \/>\n<meta property=\"og:site_name\" content=\"DJG BW | Deutsch-Japanische Gesellschaft Baden-W\u00fcrttemberg e.V.\" \/>\n<meta name=\"twitter:card\" content=\"summary_large_image\" \/>\n<meta name=\"twitter:label1\" content=\"Gesch\u00e4tzte Lesezeit\" \/>\n\t<meta name=\"twitter:data1\" content=\"1\u00a0Minute\" \/>\n<script type=\"application\/ld+json\" class=\"yoast-schema-graph\">{\"@context\":\"https:\\\/\\\/schema.org\",\"@graph\":[{\"@type\":\"WebPage\",\"@id\":\"https:\\\/\\\/japan-in-baden-wuerttemberg.de\\\/djg2018\\\/kontakte\\\/kultur\\\/studium-in-japan\\\/\",\"url\":\"https:\\\/\\\/japan-in-baden-wuerttemberg.de\\\/djg2018\\\/kontakte\\\/kultur\\\/studium-in-japan\\\/\",\"name\":\"Studium in Japan - DJG BW | Deutsch-Japanische Gesellschaft Baden-W\u00fcrttemberg e.V.\",\"isPartOf\":{\"@id\":\"https:\\\/\\\/japan-in-baden-wuerttemberg.de\\\/djg2018\\\/#website\"},\"datePublished\":\"2018-12-15T22:32:54+00:00\",\"breadcrumb\":{\"@id\":\"https:\\\/\\\/japan-in-baden-wuerttemberg.de\\\/djg2018\\\/kontakte\\\/kultur\\\/studium-in-japan\\\/#breadcrumb\"},\"inLanguage\":\"de\",\"potentialAction\":[{\"@type\":\"ReadAction\",\"target\":[\"https:\\\/\\\/japan-in-baden-wuerttemberg.de\\\/djg2018\\\/kontakte\\\/kultur\\\/studium-in-japan\\\/\"]}]},{\"@type\":\"BreadcrumbList\",\"@id\":\"https:\\\/\\\/japan-in-baden-wuerttemberg.de\\\/djg2018\\\/kontakte\\\/kultur\\\/studium-in-japan\\\/#breadcrumb\",\"itemListElement\":[{\"@type\":\"ListItem\",\"position\":1,\"name\":\"Startseite\",\"item\":\"https:\\\/\\\/japan-in-baden-wuerttemberg.de\\\/djg2018\\\/\"},{\"@type\":\"ListItem\",\"position\":2,\"name\":\"Kontakte &#038; Ansprechpartner\",\"item\":\"https:\\\/\\\/japan-in-baden-wuerttemberg.de\\\/djg2018\\\/kontakte\\\/\"},{\"@type\":\"ListItem\",\"position\":3,\"name\":\"Kultur\",\"item\":\"https:\\\/\\\/japan-in-baden-wuerttemberg.de\\\/djg2018\\\/kontakte\\\/kultur\\\/\"},{\"@type\":\"ListItem\",\"position\":4,\"name\":\"Studium in Japan\"}]},{\"@type\":\"WebSite\",\"@id\":\"https:\\\/\\\/japan-in-baden-wuerttemberg.de\\\/djg2018\\\/#website\",\"url\":\"https:\\\/\\\/japan-in-baden-wuerttemberg.de\\\/djg2018\\\/\",\"name\":\"DJG BW | Deutsch-Japanische Gesellschaft Baden-W\u00fcrttemberg e.V.\",\"description\":\"\",\"publisher\":{\"@id\":\"https:\\\/\\\/japan-in-baden-wuerttemberg.de\\\/djg2018\\\/#organization\"},\"potentialAction\":[{\"@type\":\"SearchAction\",\"target\":{\"@type\":\"EntryPoint\",\"urlTemplate\":\"https:\\\/\\\/japan-in-baden-wuerttemberg.de\\\/djg2018\\\/?s={search_term_string}\"},\"query-input\":{\"@type\":\"PropertyValueSpecification\",\"valueRequired\":true,\"valueName\":\"search_term_string\"}}],\"inLanguage\":\"de\"},{\"@type\":\"Organization\",\"@id\":\"https:\\\/\\\/japan-in-baden-wuerttemberg.de\\\/djg2018\\\/#organization\",\"name\":\"Deutsch-Japanische Gesellschaft Baden-W\u00fcrttemberg e.V.\",\"url\":\"https:\\\/\\\/japan-in-baden-wuerttemberg.de\\\/djg2018\\\/\",\"logo\":{\"@type\":\"ImageObject\",\"inLanguage\":\"de\",\"@id\":\"https:\\\/\\\/japan-in-baden-wuerttemberg.de\\\/djg2018\\\/#\\\/schema\\\/logo\\\/image\\\/\",\"url\":\"https:\\\/\\\/japan-in-baden-wuerttemberg.de\\\/djg2018\\\/wp-content\\\/uploads\\\/2018\\\/12\\\/djg_bw_logo2.jpg\",\"contentUrl\":\"https:\\\/\\\/japan-in-baden-wuerttemberg.de\\\/djg2018\\\/wp-content\\\/uploads\\\/2018\\\/12\\\/djg_bw_logo2.jpg\",\"width\":708,\"height\":200,\"caption\":\"Deutsch-Japanische Gesellschaft Baden-W\u00fcrttemberg e.V.\"},\"image\":{\"@id\":\"https:\\\/\\\/japan-in-baden-wuerttemberg.de\\\/djg2018\\\/#\\\/schema\\\/logo\\\/image\\\/\"}}]}<\/script>\n<!-- \/ Yoast SEO plugin. -->","yoast_head_json":{"title":"Studium in Japan - DJG BW | Deutsch-Japanische Gesellschaft Baden-W\u00fcrttemberg e.V.","robots":{"index":"index","follow":"follow","max-snippet":"max-snippet:-1","max-image-preview":"max-image-preview:large","max-video-preview":"max-video-preview:-1"},"canonical":"https:\/\/japan-in-baden-wuerttemberg.de\/djg2018\/kontakte\/kultur\/studium-in-japan\/","og_locale":"de_DE","og_type":"article","og_title":"Studium in Japan - DJG BW | Deutsch-Japanische Gesellschaft Baden-W\u00fcrttemberg e.V.","og_description":"Japanese Society for the Promotion of Science \u201cDie JSPS ist eine Selbstverwaltungsk\u00f6rperschaft, die per Gesetzeserlass mit dem Ziel gegr\u00fcndet worden ist, zum Fortschritt in allen Bereichen der Natur-, Geistes- und [&hellip;]","og_url":"https:\/\/japan-in-baden-wuerttemberg.de\/djg2018\/kontakte\/kultur\/studium-in-japan\/","og_site_name":"DJG BW | Deutsch-Japanische Gesellschaft Baden-W\u00fcrttemberg e.V.","twitter_card":"summary_large_image","twitter_misc":{"Gesch\u00e4tzte Lesezeit":"1\u00a0Minute"},"schema":{"@context":"https:\/\/schema.org","@graph":[{"@type":"WebPage","@id":"https:\/\/japan-in-baden-wuerttemberg.de\/djg2018\/kontakte\/kultur\/studium-in-japan\/","url":"https:\/\/japan-in-baden-wuerttemberg.de\/djg2018\/kontakte\/kultur\/studium-in-japan\/","name":"Studium in Japan - DJG BW | Deutsch-Japanische Gesellschaft Baden-W\u00fcrttemberg e.V.","isPartOf":{"@id":"https:\/\/japan-in-baden-wuerttemberg.de\/djg2018\/#website"},"datePublished":"2018-12-15T22:32:54+00:00","breadcrumb":{"@id":"https:\/\/japan-in-baden-wuerttemberg.de\/djg2018\/kontakte\/kultur\/studium-in-japan\/#breadcrumb"},"inLanguage":"de","potentialAction":[{"@type":"ReadAction","target":["https:\/\/japan-in-baden-wuerttemberg.de\/djg2018\/kontakte\/kultur\/studium-in-japan\/"]}]},{"@type":"BreadcrumbList","@id":"https:\/\/japan-in-baden-wuerttemberg.de\/djg2018\/kontakte\/kultur\/studium-in-japan\/#breadcrumb","itemListElement":[{"@type":"ListItem","position":1,"name":"Startseite","item":"https:\/\/japan-in-baden-wuerttemberg.de\/djg2018\/"},{"@type":"ListItem","position":2,"name":"Kontakte &#038; Ansprechpartner","item":"https:\/\/japan-in-baden-wuerttemberg.de\/djg2018\/kontakte\/"},{"@type":"ListItem","position":3,"name":"Kultur","item":"https:\/\/japan-in-baden-wuerttemberg.de\/djg2018\/kontakte\/kultur\/"},{"@type":"ListItem","position":4,"name":"Studium in Japan"}]},{"@type":"WebSite","@id":"https:\/\/japan-in-baden-wuerttemberg.de\/djg2018\/#website","url":"https:\/\/japan-in-baden-wuerttemberg.de\/djg2018\/","name":"DJG BW | Deutsch-Japanische Gesellschaft Baden-W\u00fcrttemberg e.V.","description":"","publisher":{"@id":"https:\/\/japan-in-baden-wuerttemberg.de\/djg2018\/#organization"},"potentialAction":[{"@type":"SearchAction","target":{"@type":"EntryPoint","urlTemplate":"https:\/\/japan-in-baden-wuerttemberg.de\/djg2018\/?s={search_term_string}"},"query-input":{"@type":"PropertyValueSpecification","valueRequired":true,"valueName":"search_term_string"}}],"inLanguage":"de"},{"@type":"Organization","@id":"https:\/\/japan-in-baden-wuerttemberg.de\/djg2018\/#organization","name":"Deutsch-Japanische Gesellschaft Baden-W\u00fcrttemberg e.V.","url":"https:\/\/japan-in-baden-wuerttemberg.de\/djg2018\/","logo":{"@type":"ImageObject","inLanguage":"de","@id":"https:\/\/japan-in-baden-wuerttemberg.de\/djg2018\/#\/schema\/logo\/image\/","url":"https:\/\/japan-in-baden-wuerttemberg.de\/djg2018\/wp-content\/uploads\/2018\/12\/djg_bw_logo2.jpg","contentUrl":"https:\/\/japan-in-baden-wuerttemberg.de\/djg2018\/wp-content\/uploads\/2018\/12\/djg_bw_logo2.jpg","width":708,"height":200,"caption":"Deutsch-Japanische Gesellschaft Baden-W\u00fcrttemberg e.V."},"image":{"@id":"https:\/\/japan-in-baden-wuerttemberg.de\/djg2018\/#\/schema\/logo\/image\/"}}]}},"_links":{"self":[{"href":"https:\/\/japan-in-baden-wuerttemberg.de\/djg2018\/wp-json\/wp\/v2\/pages\/383","targetHints":{"allow":["GET"]}}],"collection":[{"href":"https:\/\/japan-in-baden-wuerttemberg.de\/djg2018\/wp-json\/wp\/v2\/pages"}],"about":[{"href":"https:\/\/japan-in-baden-wuerttemberg.de\/djg2018\/wp-json\/wp\/v2\/types\/page"}],"author":[{"embeddable":true,"href":"https:\/\/japan-in-baden-wuerttemberg.de\/djg2018\/wp-json\/wp\/v2\/users\/1"}],"replies":[{"embeddable":true,"href":"https:\/\/japan-in-baden-wuerttemberg.de\/djg2018\/wp-json\/wp\/v2\/comments?post=383"}],"version-history":[{"count":0,"href":"https:\/\/japan-in-baden-wuerttemberg.de\/djg2018\/wp-json\/wp\/v2\/pages\/383\/revisions"}],"up":[{"embeddable":true,"href":"https:\/\/japan-in-baden-wuerttemberg.de\/djg2018\/wp-json\/wp\/v2\/pages\/238"}],"wp:attachment":[{"href":"https:\/\/japan-in-baden-wuerttemberg.de\/djg2018\/wp-json\/wp\/v2\/media?parent=383"}],"curies":[{"name":"wp","href":"https:\/\/api.w.org\/{rel}","templated":true}]}}