{"id":300,"date":"2018-12-15T20:26:14","date_gmt":"2018-12-15T19:26:14","guid":{"rendered":"http:\/\/japan-in-baden-wuerttemberg.de\/djg2018\/?page_id=300"},"modified":"2022-09-02T13:00:04","modified_gmt":"2022-09-02T11:00:04","slug":"universitaet-tuebingen","status":"publish","type":"page","link":"https:\/\/japan-in-baden-wuerttemberg.de\/djg2018\/der-verein\/kooperationen\/universitaet-tuebingen\/","title":{"rendered":"Universit\u00e4t T\u00fcbingen"},"content":{"rendered":"<div class=\"entry\">\n<p>Im eigentlichen Sinne kann die T\u00fcbinger Japanologie auf eine nunmehr f\u00fcnfzigj\u00e4hrige Geschichte zur\u00fcckblicken. Nach Anf\u00e4ngen in den Jahren 1943 bis 1945 mit Veranstaltungen zur japanischen Landeskunde (Otto Kurz), bot die Universit\u00e4t T\u00fcbingen seit dem Sommersemester 1952 mit Lehrveranstaltungen zur japanischen Sprache und Literatur (Christoph Kaempf, Matsunobu Keiji) erstmals ein japanologisches Grundlagenprogramm an. Seit dem Sommersemester 1960 erfolgten die Lehrveranstaltungen dann als regelm\u00e4\u00dfiges Studienprogramm im Rahmen des Seminars f\u00fcr Orientalische Philologie. Die T\u00fcbinger Japanologie sucht, nach Jahren der organisatorischen Trennung, derzeit wieder eine Ann\u00e4herung an die asienwissenschaftlichen Nachbardisziplinen und beteiligt sich aktiv an dem im Sommersemester 2003 neu begr\u00fcndeten Zentrum f\u00fcr Asien und Orientforschung der Fakult\u00e4t f\u00fcr Kulturwissenschaften.<\/p>\n<p>Seminar f\u00fcr Japanologie<br \/>\nWilhelmstra\u00dfe 90<br \/>\n72074 T\u00fcbingen<br \/>\nTelefon: 07071-29-76985<br \/>\nFax: 07071-551 486<br \/>\nE-Mail: <a href=\"mailto:japanologie@uni-tuebingen.de\">japanologie@uni-tuebingen.de<\/a><\/p>\n<p><a href=\"http:\/\/www.japanologie.uni-tuebingen.de\/institut.php\" target=\"_blank\" rel=\"noopener\">http:\/\/www.japanologie.uni-tuebingen.de\/institut.php<\/a><\/p>\n<\/div>\n","protected":false},"excerpt":{"rendered":"<p>Im eigentlichen Sinne kann die T\u00fcbinger Japanologie auf eine nunmehr f\u00fcnfzigj\u00e4hrige Geschichte zur\u00fcckblicken. Nach Anf\u00e4ngen in den Jahren 1943 bis 1945 mit Veranstaltungen zur japanischen Landeskunde (Otto Kurz), bot die [&hellip;]<\/p>\n","protected":false},"author":1,"featured_media":0,"parent":279,"menu_order":7,"comment_status":"closed","ping_status":"closed","template":"page-template-fullwidth.php","meta":{"_et_pb_use_builder":"","_et_pb_old_content":"","_et_gb_content_width":"","footnotes":""},"class_list":["post-300","page","type-page","status-publish","hentry"],"yoast_head":"<!-- This site is optimized with the Yoast SEO plugin v27.5 - https:\/\/yoast.com\/product\/yoast-seo-wordpress\/ -->\n<title>Universit\u00e4t T\u00fcbingen - DJG BW | Deutsch-Japanische Gesellschaft Baden-W\u00fcrttemberg e.V.<\/title>\n<meta name=\"robots\" content=\"index, follow, max-snippet:-1, max-image-preview:large, max-video-preview:-1\" \/>\n<link rel=\"canonical\" href=\"https:\/\/japan-in-baden-wuerttemberg.de\/djg2018\/der-verein\/kooperationen\/universitaet-tuebingen\/\" \/>\n<meta property=\"og:locale\" content=\"de_DE\" \/>\n<meta property=\"og:type\" content=\"article\" \/>\n<meta property=\"og:title\" content=\"Universit\u00e4t T\u00fcbingen - DJG BW | Deutsch-Japanische Gesellschaft Baden-W\u00fcrttemberg e.V.\" \/>\n<meta property=\"og:description\" content=\"Im eigentlichen Sinne kann die T\u00fcbinger Japanologie auf eine nunmehr f\u00fcnfzigj\u00e4hrige Geschichte zur\u00fcckblicken. Nach Anf\u00e4ngen in den Jahren 1943 bis 1945 mit Veranstaltungen zur japanischen Landeskunde (Otto Kurz), bot die [&hellip;]\" \/>\n<meta property=\"og:url\" content=\"https:\/\/japan-in-baden-wuerttemberg.de\/djg2018\/der-verein\/kooperationen\/universitaet-tuebingen\/\" \/>\n<meta property=\"og:site_name\" content=\"DJG BW | Deutsch-Japanische Gesellschaft Baden-W\u00fcrttemberg e.V.\" \/>\n<meta property=\"article:modified_time\" content=\"2022-09-02T11:00:04+00:00\" \/>\n<meta name=\"twitter:card\" content=\"summary_large_image\" \/>\n<meta name=\"twitter:label1\" content=\"Gesch\u00e4tzte Lesezeit\" \/>\n\t<meta name=\"twitter:data1\" content=\"1\u00a0Minute\" \/>\n<script type=\"application\/ld+json\" class=\"yoast-schema-graph\">{\"@context\":\"https:\\\/\\\/schema.org\",\"@graph\":[{\"@type\":\"WebPage\",\"@id\":\"https:\\\/\\\/japan-in-baden-wuerttemberg.de\\\/djg2018\\\/der-verein\\\/kooperationen\\\/universitaet-tuebingen\\\/\",\"url\":\"https:\\\/\\\/japan-in-baden-wuerttemberg.de\\\/djg2018\\\/der-verein\\\/kooperationen\\\/universitaet-tuebingen\\\/\",\"name\":\"Universit\u00e4t T\u00fcbingen - DJG BW | Deutsch-Japanische Gesellschaft Baden-W\u00fcrttemberg e.V.\",\"isPartOf\":{\"@id\":\"https:\\\/\\\/japan-in-baden-wuerttemberg.de\\\/djg2018\\\/#website\"},\"datePublished\":\"2018-12-15T19:26:14+00:00\",\"dateModified\":\"2022-09-02T11:00:04+00:00\",\"breadcrumb\":{\"@id\":\"https:\\\/\\\/japan-in-baden-wuerttemberg.de\\\/djg2018\\\/der-verein\\\/kooperationen\\\/universitaet-tuebingen\\\/#breadcrumb\"},\"inLanguage\":\"de\",\"potentialAction\":[{\"@type\":\"ReadAction\",\"target\":[\"https:\\\/\\\/japan-in-baden-wuerttemberg.de\\\/djg2018\\\/der-verein\\\/kooperationen\\\/universitaet-tuebingen\\\/\"]}]},{\"@type\":\"BreadcrumbList\",\"@id\":\"https:\\\/\\\/japan-in-baden-wuerttemberg.de\\\/djg2018\\\/der-verein\\\/kooperationen\\\/universitaet-tuebingen\\\/#breadcrumb\",\"itemListElement\":[{\"@type\":\"ListItem\",\"position\":1,\"name\":\"Startseite\",\"item\":\"https:\\\/\\\/japan-in-baden-wuerttemberg.de\\\/djg2018\\\/\"},{\"@type\":\"ListItem\",\"position\":2,\"name\":\"Der Verein\",\"item\":\"https:\\\/\\\/japan-in-baden-wuerttemberg.de\\\/djg2018\\\/der-verein\\\/\"},{\"@type\":\"ListItem\",\"position\":3,\"name\":\"Kooperationen\",\"item\":\"https:\\\/\\\/japan-in-baden-wuerttemberg.de\\\/djg2018\\\/der-verein\\\/kooperationen\\\/\"},{\"@type\":\"ListItem\",\"position\":4,\"name\":\"Universit\u00e4t T\u00fcbingen\"}]},{\"@type\":\"WebSite\",\"@id\":\"https:\\\/\\\/japan-in-baden-wuerttemberg.de\\\/djg2018\\\/#website\",\"url\":\"https:\\\/\\\/japan-in-baden-wuerttemberg.de\\\/djg2018\\\/\",\"name\":\"DJG BW | Deutsch-Japanische Gesellschaft Baden-W\u00fcrttemberg e.V.\",\"description\":\"\",\"publisher\":{\"@id\":\"https:\\\/\\\/japan-in-baden-wuerttemberg.de\\\/djg2018\\\/#organization\"},\"potentialAction\":[{\"@type\":\"SearchAction\",\"target\":{\"@type\":\"EntryPoint\",\"urlTemplate\":\"https:\\\/\\\/japan-in-baden-wuerttemberg.de\\\/djg2018\\\/?s={search_term_string}\"},\"query-input\":{\"@type\":\"PropertyValueSpecification\",\"valueRequired\":true,\"valueName\":\"search_term_string\"}}],\"inLanguage\":\"de\"},{\"@type\":\"Organization\",\"@id\":\"https:\\\/\\\/japan-in-baden-wuerttemberg.de\\\/djg2018\\\/#organization\",\"name\":\"Deutsch-Japanische Gesellschaft Baden-W\u00fcrttemberg e.V.\",\"url\":\"https:\\\/\\\/japan-in-baden-wuerttemberg.de\\\/djg2018\\\/\",\"logo\":{\"@type\":\"ImageObject\",\"inLanguage\":\"de\",\"@id\":\"https:\\\/\\\/japan-in-baden-wuerttemberg.de\\\/djg2018\\\/#\\\/schema\\\/logo\\\/image\\\/\",\"url\":\"https:\\\/\\\/japan-in-baden-wuerttemberg.de\\\/djg2018\\\/wp-content\\\/uploads\\\/2018\\\/12\\\/djg_bw_logo2.jpg\",\"contentUrl\":\"https:\\\/\\\/japan-in-baden-wuerttemberg.de\\\/djg2018\\\/wp-content\\\/uploads\\\/2018\\\/12\\\/djg_bw_logo2.jpg\",\"width\":708,\"height\":200,\"caption\":\"Deutsch-Japanische Gesellschaft Baden-W\u00fcrttemberg e.V.\"},\"image\":{\"@id\":\"https:\\\/\\\/japan-in-baden-wuerttemberg.de\\\/djg2018\\\/#\\\/schema\\\/logo\\\/image\\\/\"}}]}<\/script>\n<!-- \/ Yoast SEO plugin. -->","yoast_head_json":{"title":"Universit\u00e4t T\u00fcbingen - DJG BW | Deutsch-Japanische Gesellschaft Baden-W\u00fcrttemberg e.V.","robots":{"index":"index","follow":"follow","max-snippet":"max-snippet:-1","max-image-preview":"max-image-preview:large","max-video-preview":"max-video-preview:-1"},"canonical":"https:\/\/japan-in-baden-wuerttemberg.de\/djg2018\/der-verein\/kooperationen\/universitaet-tuebingen\/","og_locale":"de_DE","og_type":"article","og_title":"Universit\u00e4t T\u00fcbingen - DJG BW | Deutsch-Japanische Gesellschaft Baden-W\u00fcrttemberg e.V.","og_description":"Im eigentlichen Sinne kann die T\u00fcbinger Japanologie auf eine nunmehr f\u00fcnfzigj\u00e4hrige Geschichte zur\u00fcckblicken. Nach Anf\u00e4ngen in den Jahren 1943 bis 1945 mit Veranstaltungen zur japanischen Landeskunde (Otto Kurz), bot die [&hellip;]","og_url":"https:\/\/japan-in-baden-wuerttemberg.de\/djg2018\/der-verein\/kooperationen\/universitaet-tuebingen\/","og_site_name":"DJG BW | Deutsch-Japanische Gesellschaft Baden-W\u00fcrttemberg e.V.","article_modified_time":"2022-09-02T11:00:04+00:00","twitter_card":"summary_large_image","twitter_misc":{"Gesch\u00e4tzte Lesezeit":"1\u00a0Minute"},"schema":{"@context":"https:\/\/schema.org","@graph":[{"@type":"WebPage","@id":"https:\/\/japan-in-baden-wuerttemberg.de\/djg2018\/der-verein\/kooperationen\/universitaet-tuebingen\/","url":"https:\/\/japan-in-baden-wuerttemberg.de\/djg2018\/der-verein\/kooperationen\/universitaet-tuebingen\/","name":"Universit\u00e4t T\u00fcbingen - DJG BW | Deutsch-Japanische Gesellschaft Baden-W\u00fcrttemberg e.V.","isPartOf":{"@id":"https:\/\/japan-in-baden-wuerttemberg.de\/djg2018\/#website"},"datePublished":"2018-12-15T19:26:14+00:00","dateModified":"2022-09-02T11:00:04+00:00","breadcrumb":{"@id":"https:\/\/japan-in-baden-wuerttemberg.de\/djg2018\/der-verein\/kooperationen\/universitaet-tuebingen\/#breadcrumb"},"inLanguage":"de","potentialAction":[{"@type":"ReadAction","target":["https:\/\/japan-in-baden-wuerttemberg.de\/djg2018\/der-verein\/kooperationen\/universitaet-tuebingen\/"]}]},{"@type":"BreadcrumbList","@id":"https:\/\/japan-in-baden-wuerttemberg.de\/djg2018\/der-verein\/kooperationen\/universitaet-tuebingen\/#breadcrumb","itemListElement":[{"@type":"ListItem","position":1,"name":"Startseite","item":"https:\/\/japan-in-baden-wuerttemberg.de\/djg2018\/"},{"@type":"ListItem","position":2,"name":"Der Verein","item":"https:\/\/japan-in-baden-wuerttemberg.de\/djg2018\/der-verein\/"},{"@type":"ListItem","position":3,"name":"Kooperationen","item":"https:\/\/japan-in-baden-wuerttemberg.de\/djg2018\/der-verein\/kooperationen\/"},{"@type":"ListItem","position":4,"name":"Universit\u00e4t T\u00fcbingen"}]},{"@type":"WebSite","@id":"https:\/\/japan-in-baden-wuerttemberg.de\/djg2018\/#website","url":"https:\/\/japan-in-baden-wuerttemberg.de\/djg2018\/","name":"DJG BW | Deutsch-Japanische Gesellschaft Baden-W\u00fcrttemberg e.V.","description":"","publisher":{"@id":"https:\/\/japan-in-baden-wuerttemberg.de\/djg2018\/#organization"},"potentialAction":[{"@type":"SearchAction","target":{"@type":"EntryPoint","urlTemplate":"https:\/\/japan-in-baden-wuerttemberg.de\/djg2018\/?s={search_term_string}"},"query-input":{"@type":"PropertyValueSpecification","valueRequired":true,"valueName":"search_term_string"}}],"inLanguage":"de"},{"@type":"Organization","@id":"https:\/\/japan-in-baden-wuerttemberg.de\/djg2018\/#organization","name":"Deutsch-Japanische Gesellschaft Baden-W\u00fcrttemberg e.V.","url":"https:\/\/japan-in-baden-wuerttemberg.de\/djg2018\/","logo":{"@type":"ImageObject","inLanguage":"de","@id":"https:\/\/japan-in-baden-wuerttemberg.de\/djg2018\/#\/schema\/logo\/image\/","url":"https:\/\/japan-in-baden-wuerttemberg.de\/djg2018\/wp-content\/uploads\/2018\/12\/djg_bw_logo2.jpg","contentUrl":"https:\/\/japan-in-baden-wuerttemberg.de\/djg2018\/wp-content\/uploads\/2018\/12\/djg_bw_logo2.jpg","width":708,"height":200,"caption":"Deutsch-Japanische Gesellschaft Baden-W\u00fcrttemberg e.V."},"image":{"@id":"https:\/\/japan-in-baden-wuerttemberg.de\/djg2018\/#\/schema\/logo\/image\/"}}]}},"_links":{"self":[{"href":"https:\/\/japan-in-baden-wuerttemberg.de\/djg2018\/wp-json\/wp\/v2\/pages\/300","targetHints":{"allow":["GET"]}}],"collection":[{"href":"https:\/\/japan-in-baden-wuerttemberg.de\/djg2018\/wp-json\/wp\/v2\/pages"}],"about":[{"href":"https:\/\/japan-in-baden-wuerttemberg.de\/djg2018\/wp-json\/wp\/v2\/types\/page"}],"author":[{"embeddable":true,"href":"https:\/\/japan-in-baden-wuerttemberg.de\/djg2018\/wp-json\/wp\/v2\/users\/1"}],"replies":[{"embeddable":true,"href":"https:\/\/japan-in-baden-wuerttemberg.de\/djg2018\/wp-json\/wp\/v2\/comments?post=300"}],"version-history":[{"count":0,"href":"https:\/\/japan-in-baden-wuerttemberg.de\/djg2018\/wp-json\/wp\/v2\/pages\/300\/revisions"}],"up":[{"embeddable":true,"href":"https:\/\/japan-in-baden-wuerttemberg.de\/djg2018\/wp-json\/wp\/v2\/pages\/279"}],"wp:attachment":[{"href":"https:\/\/japan-in-baden-wuerttemberg.de\/djg2018\/wp-json\/wp\/v2\/media?parent=300"}],"curies":[{"name":"wp","href":"https:\/\/api.w.org\/{rel}","templated":true}]}}